101
In base 11, what is -39980639 + -5?
-39980643
In base 12, what is 2561b + -13?
25608
In base 2, what is 1001111010000110010110110101 - 100?
1001111010000110010110110001
In base 7, what is 141 + -316323?
-316152
In base 8, what is -3667273217 + -5?
-3667273224
In base 15, what is 36b + -dea?
-a7e
In base 2, what is 10101001001011100010000 - -11000?
10101001001011100101000
In base 15, what is -1e3e + -7841?
-9780
In base 3, what is -222001 + 10000210021?
2222211020
In base 9, what is 4375 + 357127?
362513
In base 15, what is -4 - -b1c048?
b1c044
In base 3, what is 2 + 11010111202000010?
11010111202000012
In base 6, what is 541031 + -515?
540112
In base 14, what is 417479 + bc?
417557
In base 12, what is -2a + 995860a?
99585a0
In base 5, what is 2103204111134 - 2?
2103204111132
In base 2, what is -100 + -1000011010010110111011111?
-1000011010010110111100011
In base 3, what is -1 + -111010001002012?
-111010001002020
In base 6, what is -11350 + 553343?
541553
In base 10, what is 127 + 7782?
7909
In base 10, what is 19 + -342950?
-342931
In base 16, what is -33e0b + -23?
-33e2e
In base 16, what is -12 - -817f?
816d
In base 7, what is -420 - 2362216?
-2362636
In base 10, what is 34 - -19584810?
19584844
In base 5, what is -1032142 - 2240?
-1034432
In base 2, what is 111110111111 - 100110010000100110?
-100101010001100111
In base 7, what is -1046203 + -231?
-1046434
In base 6, what is 5043 + 1232003?
1241050
In base 4, what is 1 + -22312113100?
-22312113033
In base 7, what is 4 - -1213343105?
1213343112
In base 15, what is -1c6931 - -89?
-1c6897
In base 16, what is 12b8 + -19ba?
-702
In base 4, what is -10 + -13022001320?
-13022001330
In base 5, what is -10 + -200201013030?
-200201013040
In base 2, what is 1101011001111001 - -10001011010100?
1111100101001101
In base 16, what is a + 5d7cbea?
5d7cbf4
In base 14, what is -a703 + 83?
-a660
In base 3, what is -2 - -11012101201?
11012101122
In base 4, what is -121230032313 + 3?
-121230032310
In base 8, what is 57175 - 3037?
54136
In base 15, what is -61e03 - -b?
-61de7
In base 5, what is -12023103 - 340113?
-12413221
In base 8, what is -5013754165 + -3?
-5013754170
In base 13, what is -9b0 - -57a?
-433
In base 14, what is -12 - 441d52?
-441d64
In base 6, what is 300 + -311415?
-311115
In base 2, what is 110001001 - 10010010110011?
-10001100101010
In base 4, what is -1223 - 232300?
-300123
In base 14, what is 1dd - -8436?
8635
In base 8, what is -201154 - 1327?
-202503
In base 16, what is 10270 + -65?
1020b
In base 10, what is -4781002 + -4?
-4781006
In base 4, what is -1012123220132 + -2?
-1012123220200
In base 13, what is 1 - -41ab80b?
41ab80c
In base 14, what is 386 + -3a4b3?
-3a12b
In base 7, what is -332665 - 454?
-333452
In base 12, what is -3 + -129b4b5?
-129b4b8
In base 15, what is 6be99 - -3?
6be9c
In base 11, what is 60814 + -304?
60510
In base 10, what is 37 - 5105725?
-5105688
In base 5, what is 202142240 + -100?
202142140
In base 4, what is 13013013121320 + 10?
13013013121330
In base 4, what is -121021 - 23310310?
-30031331
In base 5, what is 21134334 + -23113?
21111221
In base 16, what is -2851 - -157?
-26fa
In base 11, what is -1404 + 157a1?
14398
In base 12, what is -1184559 - 1?
-118455a
In base 14, what is 2117b - b65?
20416
In base 10, what is -57449 + 495?
-56954
In base 14, what is 1c - -179d3?
17a11
In base 14, what is 53dcb23 + -7?
53dcb1a
In base 14, what is 5d4196 + -3?
5d4193
In base 15, what is 23621b - -5?
236221
In base 7, what is 120 + 3514203?
3514323
In base 8, what is -470322 - 57?
-470401
In base 8, what is -61 + 602504?
602423
In base 4, what is 311020130220 + 2?
311020130222
In base 9, what is -4466545 + -582?
-4467237
In base 7, what is 340 + 6036215?
6036555
In base 6, what is -211445522303 + 0?
-211445522303
In base 11, what is -312 - -a214?
9a02
In base 11, what is -5097a - 34?
-50a03
In base 10, what is 365974992 - 3?
365974989
In base 12, what is 2387 - -10b50?
13317
In base 8, what is -65245 + -20245?
-105512
In base 8, what is 4 - -16364617?
16364623
In base 3, what is -101111201021001012 - 12?
-101111201021001101
In base 4, what is -323310231 - -22?
-323310203
In base 15, what is 26 + -d2438?
-d2412
In base 15, what is -2737 - 8db8?
-b600
In base 3, what is -20102021020 - -200000?
-20101121020
In base 16, what is 2759923e + 2?
27599240
In base 16, what is -1355db6 - -3?
-1355db3
In base 12, what is 5861869 - -4?
5861871
In base 5, what is 414300110011 - 3?
414300110003
In base 8, what is 1456 - 105016?
-103340
In base 16, what is 5c + -98aaf?
-98a53
In base 16, what is -ec + 6f999?
6f8ad
In base 6, what is 3150 + -15402?
-12212
In base 14, what is 40 - -270d0?
27130
In base 16, what is 3 - -811fe4d?
811fe50
In base 6, what is -34055512032 + 4?
-34055512024
In base 2, what is 11100011000001010 + 1111000?
11100011010000010
In base 6, what is -133324 + -125343?
-303111
In base 3, what is -10 + -20212111210120221?
-20212111210121001
In base 10, what is 3447 + 2552?
5999
In base 7, what is 4 - -2350510315?
2350510322
In base 16, what is -2189 + -2e8?
-2471
In base 9, what is 5 - -13545?
13551
In base 11, what is 67143a5 + -1?
67143a4
In base 3, what is -12 + 101001010020001?
101001010012212
In base 2, what is 110 - -110011100000100011011101?
110011100000100011100011
In base 7, what is 246113262 - 5?
246113254
In base 4, what is -1 - -1131133300221?
1131133300220
In base 11, what is -8 + 173a296?
173a289
In base 15, what is 217 - 1a81?
-1869
In base 14, what is 25c + a940?
ab9c
In base 16, what is -427e - -1faa?
-22d4
In base 2, what is 11101101 - 11110000010011?
-11101100100110
In base 8, what is 1463 - -17035?
20520
In base 3, what is 11 - -101000110221000?
101000110221011
In base 8, what is 30046 + 37475?
67543
In base 16, what is 9246135 - 3?
9246132
In base 9, what is 5 + -7713152?
-7713146
In base 12, what is -488233 + 13?
-488220
In base 2, what is -101 - 1000100101000100100001000011?
-1000100101000100100001001000
In base 11, what is 1736907a - 6?
17369074
In base 9, what is 5 - -84304431?
84304436
In base 6, what is -1 + 122533400?
122533355
In base 13, what is 236a52 + b?
236a60
In base 2, what is 10101000110111000111 + 1100011?
10101000111000101010
In base 9, what is 1000 + -6078?
-5078
In base 11, what is -127912 - -94?
-127829
In base 11, what is -323a3 + -29a0?
-35293
In base 15, what is 2c8 + 72c5?
759d
In base 4, what is 1323132002231 + -11?
1323132002220
In base 7, what is -253232 + -41524?
-325056
In base 15, what is 17d - 4e7b?
-4ced
In base 3, what is -1212220 + 1120222?
-21221
In base 13, what is -3 - -93065a?
930657
In base 9, what is -44 + -5361571?
-5361625
In base 12, what is -30 + 1786a0?
178670
In base 11, what is -385644a - -1?
-3856449
In base 11, what is -1218 + -13721a?
-138437
In base 13, what is 94155c9 - 1?
94155c8
In base 2, what is 1101101001000111010 + 10011?
1101101001001001101
In base 13, what is -c165c4 + 67?
-c1655a
In base 15, what is 1528 - 42ba?
-2c92
In base 4, what is 0 - -301031122032?
301031122032
In base 15, what is -1 + 6207c1?
6207c0
In base 12, what is -7b - -1147b6?
114737
In base 3, what is -2001120200100 - -221?
-2001120122102
In base 7, what is -31460215 - 16?
-31460234
In base 8, what is 242 + -2704214?
-2703752
In base 5, what is -31143220 - 3023?
-31201243
In base 8, what is -27 + -44035?
-44064
In base 7, what is -22010 - 20124?
-42134
In base 11, what is 25653 + 824a?
328a2
In base 8, what is -72 - 23335534?
-23335626
In base 15, what is -8189e5 - -1a?
-8189ca
In base 2, what is -101011011110010011000 - -1001101?
-101011011110001001011
In base 15, what is 80 - -240cae?
240d3e
In base 3, what is -11121100111022211 + 100?
-11121100111022111
In base 2, what is 100110111 + 10000101010111111011?
10000101011100110010
In base 14, what is 2321 - 393?
1d6c
In base 3, what is 112102212112200110 - -11?
112102212112200121
In base 2, what is 110100 + -1010010001001100000111?
-1010010001001011010011
In base 8, what is -14 - 60411?
-60425
In base 6, what is -5 - -1330211552?
1330211543
In base 16, what is -19c + -32b15?
-32cb1
In base 16, what is 11 + 796ac9?
796ada
In base 9, what is -2863 + 31565?
27602
In base 4, what is 312232202 - 11300?
312220302
In base 15, what is 27d88 + -a?
27d7d
In base 3, what is -22121112